{"id":78,"date":"2017-12-12T11:24:21","date_gmt":"2017-12-12T15:24:21","guid":{"rendered":"http:\/\/ayuntamiento.guineo\/transparencia\/?page_id=78"},"modified":"2021-06-24T09:51:05","modified_gmt":"2021-06-24T13:51:05","slug":"definicion-oaim-oficina-de-acceso-a-la-informacion-municipal","status":"publish","type":"page","link":"https:\/\/ayuntamientovillavasquez.gob.do\/transparencia\/responsable-de-acceso-a-la-informacion\/definicion-oaim-oficina-de-acceso-a-la-informacion-municipal\/","title":{"rendered":"Definici\u00f3n OAIM (Oficina de Acceso a la Informaci\u00f3n Municipal)"},"content":{"rendered":"<p>El Ayuntamiento Municipal de Villa V\u00e1squez , en cumplimiento de la Ley 200-04, o Ley de Acceso a la Informaci\u00f3n P\u00fablica, pone en l\u00ednea y a disposici\u00f3n\u00a0 la Oficina de Acceso a la Informaci\u00f3n P\u00fablica para hacer consultas o solicitar informaci\u00f3n.<\/p>\n<p>Esta Ley\u00a0 fue aprobada el 28 de Julio de 2004 y su objetivo es garantizar el derecho de toda persona a solicitar y recibir informaci\u00f3n efectiva, veraz y oportuna sobre todos los actos y actividades de los organismos y entidades centralizados, descentralizados, aut\u00e1rquicos, incluyendo tanto el Poder Ejecutivo como el Judicial.<\/p>\n<p style=\"text-align: center\"><b>Misi\u00f3n<\/b><\/p>\n<p style=\"text-align: center\">Impulsar el desarrollo integral y la calidad de vida en el municipio gestionando la satisfacci\u00f3n de las necesidades b\u00e1sicas de la poblaci\u00f3n .respetando los principios y derechos establecidos en las normas de convivencia social ,un gobierno\u00a0 cercano e influyente que involucra a\u00a0 los mun\u00edcipes en la toma de\u00a0 decisiones , a fin de que todos contribuyamos el municipios que queremos , ofrecer el mejor servicio y eficacia\u00a0 para todos los ciudadanos.<\/p>\n<p style=\"text-align: center\"><strong>Valores<\/strong><\/p>\n<p style=\"text-align: center\">\u00a0Crecemos en un Modelo de convivencia entre todos los sectores sociales que constituyen el Municipio de Villa V\u00e1squez entre los mun\u00edcipes , en los sectores\u00a0 industriales , comerciales e informadle como una forma\u00a0 de aplicaci\u00f3n cotidiana , guiados por los siguientes valores principios de actuaci\u00f3n :<\/p>\n<p><strong>1- Recursos humanos altamente capacitado y Confiable\u00a0 .<\/strong><\/p>\n<p><strong>2-Servicio de Calidad al ciudadano .<\/strong><\/p>\n<p><strong>3- Vocaci\u00f3n de servicio.\u00a0<\/strong><\/p>\n<p><strong>4-Compromiso con Los mancipes .<\/strong><\/p>\n<p><strong>5-Mejora permanente de la Gesti\u00f3n.<\/strong><\/p>\n<p><strong>6-Transparencia y Rendici\u00f3n de Cuentas .<\/strong><\/p>\n<p><strong>7-Mejora con la Eficacia.<\/strong><\/p>\n<p><strong>8-Institucionalidad .<\/strong><\/p>\n<p><strong>9-Participacion Ciudadana.<\/strong><\/p>\n<p><strong>10-Solidaridad Humana<\/strong>\u00a0.<\/p>\n<p><b>Visi\u00f3n<\/b><strong>\u00a0<\/strong><\/p>\n<p style=\"text-align: center\">Ser el Municipio Modelo y Reconocido por la eficacia en el logro .de mayores y mejores condiciones de vida de la Poblaci\u00f3n y la efectividad en la promoci\u00f3n de de nuevas formas de convivencia ciudadana atreves de la cohesi\u00f3n\u00a0 social , la identidad , cultural , sentimientos y orgullo de pertenencia de los pobladores al Municipio .<\/p>\n<p style=\"text-align: center\">Con un Personal\u00a0 Capacitado , donde Prevalezca el Respeto C\u00edvico , Uni\u00f3n Familiar y Laboral una ciudad sostenible , que promueva el ejercicio , la solidaridad y la cultura Ciudadana.<\/p>\n<p style=\"text-align: center\"><strong>RAI<\/strong><\/p>\n<p>El Responsable de Acceso a la Informaci\u00f3n, es el responsable de tramitar y facilitar las informaciones requeridas y de ser el canal de comunicaci\u00f3n entre la instituci\u00f3n, ciudadanos y ciudadanas.<\/p>\n<p><strong>Responsable de Acceso a la Informaci\u00f3n (OAI):<\/strong><\/p>\n<p>Yuriel N\u00fa\u00f1ez<\/p>\n<p>Tel\u00e9fono : 809-579-5992<\/p>\n<p>Celular : 809-485-7203<\/p>\n<blockquote><p><strong>Proceso de Solicitud de Informaci\u00f3n:<\/strong><\/p><\/blockquote>\n<ul>\n<li>Completar el formulario de solicitud de informaci\u00f3n.<\/li>\n<li>Se procede a la revisi\u00f3n de dicho documento con la finalidad de verificar que est\u00e1 debidamente completada.<\/li>\n<li>Se hace entrega de acuse de la solicitud al solicitante.<\/li>\n<li>Seg\u00fan la complejidad de la informaci\u00f3n, se asigna una fecha de entrega.<\/li>\n<li>En caso de no ser la C\u00e1mara de Cuentas de la Rep\u00fablica la entidad competente para ofrecer la informaci\u00f3n requerida, dicha solicitud se refiere a la instituci\u00f3n correspondiente y se le informa al solicitante, el curso que ha tomado su solicitud y la instituci\u00f3n destinataria.<\/li>\n<li>Seguimiento de la(s) solicitud(es) hasta confirmar que se ha suministrado la informaci\u00f3n.<\/li>\n<\/ul>\n","protected":false},"excerpt":{"rendered":"El Ayuntamiento Municipal de Villa V\u00e1squez , en cumplimiento de la Ley 200-04, o Ley de Acceso a la Informaci\u00f3n P\u00fablica, pone en l\u00ednea y a disposici\u00f3n\u00a0 la Oficina de Acceso a la Informaci\u00f3n P\u00fablica para hacer consultas o solicitar informaci\u00f3n. Esta Ley\u00a0 fue aprobada el 28 de Julio de 2004 y su objetivo es&#8230;","protected":false},"author":3,"featured_media":0,"parent":258,"menu_order":0,"comment_status":"closed","ping_status":"closed","template":"","meta":[],"acf":[],"_links":{"self":[{"href":"https:\/\/ayuntamientovillavasquez.gob.do\/transparencia\/wp-json\/wp\/v2\/pages\/78"}],"collection":[{"href":"https:\/\/ayuntamientovillavasquez.gob.do\/transparencia\/wp-json\/wp\/v2\/pages"}],"about":[{"href":"https:\/\/ayuntamientovillavasquez.gob.do\/transparencia\/wp-json\/wp\/v2\/types\/page"}],"author":[{"embeddable":true,"href":"https:\/\/ayuntamientovillavasquez.gob.do\/transparencia\/wp-json\/wp\/v2\/users\/3"}],"replies":[{"embeddable":true,"href":"https:\/\/ayuntamientovillavasquez.gob.do\/transparencia\/wp-json\/wp\/v2\/comments?post=78"}],"version-history":[{"count":5,"href":"https:\/\/ayuntamientovillavasquez.gob.do\/transparencia\/wp-json\/wp\/v2\/pages\/78\/revisions"}],"predecessor-version":[{"id":461,"href":"https:\/\/ayuntamientovillavasquez.gob.do\/transparencia\/wp-json\/wp\/v2\/pages\/78\/revisions\/461"}],"up":[{"embeddable":true,"href":"https:\/\/ayuntamientovillavasquez.gob.do\/transparencia\/wp-json\/wp\/v2\/pages\/258"}],"wp:attachment":[{"href":"https:\/\/ayuntamientovillavasquez.gob.do\/transparencia\/wp-json\/wp\/v2\/media?parent=78"}],"curies":[{"name":"wp","href":"https:\/\/api.w.org\/{rel}","templated":true}]}}